{"id":29354,"date":"2025-08-14T11:31:26","date_gmt":"2025-08-14T14:31:26","guid":{"rendered":"https:\/\/otecseg.cl\/?page_id=29354"},"modified":"2025-08-14T11:33:46","modified_gmt":"2025-08-14T14:33:46","slug":"comunicacion-efectiva-y-trabajo-en-equipo","status":"publish","type":"page","link":"https:\/\/otecseg.cl\/index.php\/comunicacion-efectiva-y-trabajo-en-equipo\/","title":{"rendered":"Comunicaci\u00f3n Efectiva y Trabajo en Equipo"},"content":{"rendered":"\t\t<div data-elementor-type=\"wp-page\" data-elementor-id=\"29354\" class=\"elementor elementor-29354\">\n\t\t\t\t<div class=\"wd-negative-gap elementor-element elementor-element-31ee2e3 e-flex e-con-boxed e-con e-parent\" data-id=\"31ee2e3\" data-element_type=\"container\">\n\t\t\t\t\t<div class=\"e-con-inner\">\n\t\t<div class=\"elementor-element elementor-element-375b32f e-con-full e-flex e-con e-child\" data-id=\"375b32f\" data-element_type=\"container\">\n\t\t\t\t<div class=\"elementor-element elementor-element-4b2cecb elementor-widget elementor-widget-image\" data-id=\"4b2cecb\" data-element_type=\"widget\" data-widget_type=\"image.default\">\n\t\t\t\t\t\t\t\t\t\t\t\t\t\t\t<img fetchpriority=\"high\" decoding=\"async\" width=\"600\" height=\"600\" src=\"https:\/\/otecseg.cl\/wp-content\/uploads\/2025\/08\/12.jpg\" class=\"attachment-large size-large wp-image-29302\" alt=\"\" srcset=\"https:\/\/otecseg.cl\/wp-content\/uploads\/2025\/08\/12.jpg 600w, https:\/\/otecseg.cl\/wp-content\/uploads\/2025\/08\/12-300x300.jpg 300w, https:\/\/otecseg.cl\/wp-content\/uploads\/2025\/08\/12-150x150.jpg 150w\" sizes=\"(max-width: 600px) 100vw, 600px\" \/>\t\t\t\t\t\t\t\t\t\t\t\t\t\t\t<\/div>\n\t\t\t\t<\/div>\n\t\t<div class=\"elementor-element elementor-element-2198be4 e-con-full e-flex e-con e-child\" data-id=\"2198be4\" data-element_type=\"container\">\n\t\t\t\t<div class=\"elementor-element elementor-element-879303e wd-el-breadcrumbs text-left elementor-widget elementor-widget-wd_element_breadcrumbs\" data-id=\"879303e\" data-element_type=\"widget\" data-widget_type=\"wd_element_breadcrumbs.default\">\n\t\t\t\t<div class=\"elementor-widget-container\">\n\t\t\t\t\t<nav class=\"wd-breadcrumbs\"><a href=\"https:\/\/otecseg.cl\/\">Home<\/a><span class=\"wd-delimiter\"><\/span><span class=\"wd-last\">P\u00e1gina<\/span><\/nav>\t\t\t\t<\/div>\n\t\t\t\t<\/div>\n\t\t\t\t<div class=\"elementor-element elementor-element-42937c4 wd-width-100 elementor-widget elementor-widget-wd_title\" data-id=\"42937c4\" data-element_type=\"widget\" data-widget_type=\"wd_title.default\">\n\t\t\t\t<div class=\"elementor-widget-container\">\n\t\t\t\t\t\t\t<div class=\"title-wrapper wd-set-mb reset-last-child wd-title-color-default wd-title-style-default wd-title-size-default text-left\">\n\n\t\t\t\t\t\t\t\t\t\t\t<div class=\"title-subtitle subtitle-color-default subtitle-style-default wd-fontsize-xs\">\n\t\t\t\t\tComunicaci\u00f3n Efectiva y Trabajo en Equipo\t\t\t\t<\/div>\n\t\t\t\n\t\t\t<div class=\"liner-continer\">\n\t\t\t\t<h4 class=\"woodmart-title-container title wd-fontsize-l\">Duraci\u00f3n: 8 horas<br \/>\nModalidad: Presencial \/ Online<br \/>\nP\u00fablico objetivo: Todas las \u00e1reas de la empresa.<\/h4> \n\t\t\t\t\t\t\t<\/div>\n\n\t\t\t\t\t\t\t<div class=\"title-after_title reset-last-child wd-fontsize-xs\">\n\t\t\t\t\t<p>Formaci\u00f3n SENCE<\/p><p><strong>Descripci\u00f3n:<\/strong><br \/>Este curso est\u00e1 dise\u00f1ado para mejorar la comunicaci\u00f3n interna y fortalecer el trabajo en equipo dentro de la organizaci\u00f3n. Los participantes aprender\u00e1n t\u00e9cnicas de comunicaci\u00f3n clara, escucha activa, feedback constructivo y resoluci\u00f3n de conflictos, fomentando la colaboraci\u00f3n y cohesi\u00f3n entre los miembros del equipo. El programa busca optimizar los procesos internos, aumentar la eficiencia y promover un ambiente laboral armonioso y productivo.<\/p>\t\t\t\t<\/div>\n\t\t\t\t\t<\/div>\n\t\t\t\t\t\t<\/div>\n\t\t\t\t<\/div>\n\t\t\t\t<div class=\"elementor-element elementor-element-5e80292 elementor-shape-square e-grid-align-left elementor-grid-0 elementor-widget elementor-widget-social-icons\" data-id=\"5e80292\" data-element_type=\"widget\" data-widget_type=\"social-icons.default\">\n\t\t\t\t\t\t\t<div class=\"elementor-social-icons-wrapper elementor-grid\" role=\"list\">\n\t\t\t\t\t\t\t<span class=\"elementor-grid-item\" role=\"listitem\">\n\t\t\t\t\t<a class=\"elementor-icon elementor-social-icon elementor-social-icon-facebook elementor-repeater-item-b367f60\" target=\"_blank\">\n\t\t\t\t\t\t<span class=\"elementor-screen-only\">Facebook<\/span>\n\t\t\t\t\t\t<svg class=\"e-font-icon-svg e-fab-facebook\" viewBox=\"0 0 512 512\" xmlns=\"http:\/\/www.w3.org\/2000\/svg\"><path d=\"M504 256C504 119 393 8 256 8S8 119 8 256c0 123.78 90.69 226.38 209.25 245V327.69h-63V256h63v-54.64c0-62.15 37-96.48 93.67-96.48 27.14 0 55.52 4.84 55.52 4.84v61h-31.28c-30.8 0-40.41 19.12-40.41 38.73V256h68.78l-11 71.69h-57.78V501C413.31 482.38 504 379.78 504 256z\"><\/path><\/svg>\t\t\t\t\t<\/a>\n\t\t\t\t<\/span>\n\t\t\t\t\t\t\t<span class=\"elementor-grid-item\" role=\"listitem\">\n\t\t\t\t\t<a class=\"elementor-icon elementor-social-icon elementor-social-icon-twitter elementor-repeater-item-5340097\" target=\"_blank\">\n\t\t\t\t\t\t<span class=\"elementor-screen-only\">Twitter<\/span>\n\t\t\t\t\t\t<svg class=\"e-font-icon-svg e-fab-twitter\" viewBox=\"0 0 512 512\" xmlns=\"http:\/\/www.w3.org\/2000\/svg\"><path d=\"M459.37 151.716c.325 4.548.325 9.097.325 13.645 0 138.72-105.583 298.558-298.558 298.558-59.452 0-114.68-17.219-161.137-47.106 8.447.974 16.568 1.299 25.34 1.299 49.055 0 94.213-16.568 130.274-44.832-46.132-.975-84.792-31.188-98.112-72.772 6.498.974 12.995 1.624 19.818 1.624 9.421 0 18.843-1.3 27.614-3.573-48.081-9.747-84.143-51.98-84.143-102.985v-1.299c13.969 7.797 30.214 12.67 47.431 13.319-28.264-18.843-46.781-51.005-46.781-87.391 0-19.492 5.197-37.36 14.294-52.954 51.655 63.675 129.3 105.258 216.365 109.807-1.624-7.797-2.599-15.918-2.599-24.04 0-57.828 46.782-104.934 104.934-104.934 30.213 0 57.502 12.67 76.67 33.137 23.715-4.548 46.456-13.32 66.599-25.34-7.798 24.366-24.366 44.833-46.132 57.827 21.117-2.273 41.584-8.122 60.426-16.243-14.292 20.791-32.161 39.308-52.628 54.253z\"><\/path><\/svg>\t\t\t\t\t<\/a>\n\t\t\t\t<\/span>\n\t\t\t\t\t\t\t<span class=\"elementor-grid-item\" role=\"listitem\">\n\t\t\t\t\t<a class=\"elementor-icon elementor-social-icon elementor-social-icon-instagram elementor-repeater-item-2a9388b\" target=\"_blank\">\n\t\t\t\t\t\t<span class=\"elementor-screen-only\">Instagram<\/span>\n\t\t\t\t\t\t<svg class=\"e-font-icon-svg e-fab-instagram\" viewBox=\"0 0 448 512\" xmlns=\"http:\/\/www.w3.org\/2000\/svg\"><path d=\"M224.1 141c-63.6 0-114.9 51.3-114.9 114.9s51.3 114.9 114.9 114.9S339 319.5 339 255.9 287.7 141 224.1 141zm0 189.6c-41.1 0-74.7-33.5-74.7-74.7s33.5-74.7 74.7-74.7 74.7 33.5 74.7 74.7-33.6 74.7-74.7 74.7zm146.4-194.3c0 14.9-12 26.8-26.8 26.8-14.9 0-26.8-12-26.8-26.8s12-26.8 26.8-26.8 26.8 12 26.8 26.8zm76.1 27.2c-1.7-35.9-9.9-67.7-36.2-93.9-26.2-26.2-58-34.4-93.9-36.2-37-2.1-147.9-2.1-184.9 0-35.8 1.7-67.6 9.9-93.9 36.1s-34.4 58-36.2 93.9c-2.1 37-2.1 147.9 0 184.9 1.7 35.9 9.9 67.7 36.2 93.9s58 34.4 93.9 36.2c37 2.1 147.9 2.1 184.9 0 35.9-1.7 67.7-9.9 93.9-36.2 26.2-26.2 34.4-58 36.2-93.9 2.1-37 2.1-147.8 0-184.8zM398.8 388c-7.8 19.6-22.9 34.7-42.6 42.6-29.5 11.7-99.5 9-132.1 9s-102.7 2.6-132.1-9c-19.6-7.8-34.7-22.9-42.6-42.6-11.7-29.5-9-99.5-9-132.1s-2.6-102.7 9-132.1c7.8-19.6 22.9-34.7 42.6-42.6 29.5-11.7 99.5-9 132.1-9s102.7-2.6 132.1 9c19.6 7.8 34.7 22.9 42.6 42.6 11.7 29.5 9 99.5 9 132.1s2.7 102.7-9 132.1z\"><\/path><\/svg>\t\t\t\t\t<\/a>\n\t\t\t\t<\/span>\n\t\t\t\t\t<\/div>\n\t\t\t\t\t\t<\/div>\n\t\t\t\t<div class=\"elementor-element elementor-element-1b8561c elementor-widget elementor-widget-wd_text_block\" data-id=\"1b8561c\" data-element_type=\"widget\" data-widget_type=\"wd_text_block.default\">\n\t\t\t\t<div class=\"elementor-widget-container\">\n\t\t\t\t\t\t\t<div class=\"wd-text-block reset-last-child text-left\">\n\t\t\t\n\t\t\t<p><strong>Inscribirme v\u00eda WhatsApp<\/strong><\/p>\n\t\t\t\t\t<\/div>\n\t\t\t\t\t\t<\/div>\n\t\t\t\t<\/div>\n\t\t\t\t<div class=\"elementor-element elementor-element-63c4f51 elementor-widget elementor-widget-image\" data-id=\"63c4f51\" data-element_type=\"widget\" data-widget_type=\"image.default\">\n\t\t\t\t\t\t\t\t\t\t\t\t\t\t\t\t<a href=\"https:\/\/wa.me\/56989004107?text=Hola,%20quiero%20inscribirme%20en%20el%20curso%20Guardia%20de%20Seguridad%20con%20CCTV\">\n\t\t\t\t\t\t\t<img decoding=\"async\" width=\"400\" height=\"80\" src=\"https:\/\/otecseg.cl\/wp-content\/uploads\/2025\/08\/wahts-400x80.png\" class=\"attachment-medium size-medium wp-image-29131\" alt=\"\" srcset=\"https:\/\/otecseg.cl\/wp-content\/uploads\/2025\/08\/wahts-400x80.png 400w, https:\/\/otecseg.cl\/wp-content\/uploads\/2025\/08\/wahts-768x154.png 768w, https:\/\/otecseg.cl\/wp-content\/uploads\/2025\/08\/wahts-430x86.png 430w, https:\/\/otecseg.cl\/wp-content\/uploads\/2025\/08\/wahts-700x140.png 700w, https:\/\/otecseg.cl\/wp-content\/uploads\/2025\/08\/wahts-150x30.png 150w, https:\/\/otecseg.cl\/wp-content\/uploads\/2025\/08\/wahts.png 1000w\" sizes=\"(max-width: 400px) 100vw, 400px\" \/>\t\t\t\t\t\t\t\t<\/a>\n\t\t\t\t\t\t\t\t\t\t\t\t\t\t\t<\/div>\n\t\t\t\t<\/div>\n\t\t\t\t\t<\/div>\n\t\t\t\t<\/div>\n\t\t\t\t<section class=\"wd-negative-gap elementor-section elementor-top-section elementor-element elementor-element-6e932fe0 wd-section-stretch_row_content elementor-section-content-middle elementor-reverse-mobile elementor-section-boxed elementor-section-height-default elementor-section-height-default\" data-id=\"6e932fe0\" data-element_type=\"section\">\n\t\t\t\t\t\t<div class=\"elementor-container elementor-column-gap-default\">\n\t\t\t\t\t<div class=\"elementor-column elementor-col-50 elementor-top-column elementor-element elementor-element-4288d922 wd_scroll_x_80 wd_scroll_y_-1 wd_scroll_z_0 wd-parallax-on-scroll wd_scroll_smoothness_30\" data-id=\"4288d922\" data-element_type=\"column\">\n\t\t\t<div class=\"elementor-widget-wrap elementor-element-populated\">\n\t\t\t\t\t\t<div class=\"elementor-element elementor-element-42b69889 elementor-hidden-mobile elementor-widget elementor-widget-wd_text_block\" data-id=\"42b69889\" data-element_type=\"widget\" data-widget_type=\"wd_text_block.default\">\n\t\t\t\t<div class=\"elementor-widget-container\">\n\t\t\t\t\t\t\t<div class=\"wd-text-block reset-last-child text-right\">\n\t\t\t\n\t\t\t<p>03.<\/p>\n\t\t\t\t\t<\/div>\n\t\t\t\t\t\t<\/div>\n\t\t\t\t<\/div>\n\t\t\t\t<div class=\"elementor-element elementor-element-39770243 wd-width-100 elementor-widget elementor-widget-wd_title\" data-id=\"39770243\" data-element_type=\"widget\" data-widget_type=\"wd_title.default\">\n\t\t\t\t<div class=\"elementor-widget-container\">\n\t\t\t\t\t\t\t<div class=\"title-wrapper wd-set-mb reset-last-child wd-title-color-default wd-title-style-default wd-title-size-extra-large text-left\">\n\n\t\t\t\t\t\t\t\t\t\t\t<div class=\"title-subtitle subtitle-color-default subtitle-style-default wd-fontsize-m\">\n\t\t\t\t\tQuien se prepara, siempre llega m\u00e1s lejos\t\t\t\t<\/div>\n\t\t\t\n\t\t\t<div class=\"liner-continer\">\n\t\t\t\t<h4 class=\"woodmart-title-container title wd-fontsize-xxxl wd-underline-colored\">Capacita a tu <u>Equipo,<\/u> potencia tu empresa.<\/h4> \n\t\t\t\t\t\t\t<\/div>\n\n\t\t\t\t\t<\/div>\n\t\t\t\t\t\t<\/div>\n\t\t\t\t<\/div>\n\t\t\t\t<div class=\"elementor-element elementor-element-3ede67a8 elementor-widget elementor-widget-wd_text_block\" data-id=\"3ede67a8\" data-element_type=\"widget\" data-widget_type=\"wd_text_block.default\">\n\t\t\t\t<div class=\"elementor-widget-container\">\n\t\t\t\t\t\t\t<div class=\"wd-text-block reset-last-child text-left\">\n\t\t\t\n\t\t\t<p>\u201cEl conocimiento es la herramienta m\u00e1s segura para crecer.\u201d<\/p>\n\t\t\t\t\t<\/div>\n\t\t\t\t\t\t<\/div>\n\t\t\t\t<\/div>\n\t\t\t\t<div class=\"elementor-element elementor-element-2ced3072 elementor-widget__width-auto elementor-widget elementor-widget-wd_button\" data-id=\"2ced3072\" data-element_type=\"widget\" data-widget_type=\"wd_button.default\">\n\t\t\t\t<div class=\"elementor-widget-container\">\n\t\t\t\t\t\t\t<div class=\"wd-button-wrapper text-center\" >\n\t\t\t<a class=\"btn btn-style-default btn-shape-rectangle btn-size-default btn-color-black btn-icon-pos-right\"  href=\"https:\/\/otecseg.cl\/index.php\/contact-us\/\">\n\t\t\t\t<span class=\"wd-btn-text\" data-elementor-setting-key=\"text\">\n\t\t\t\t\tCONT\u00c1CTENOS\t\t\t\t<\/span>\n\n\t\t\t\t\t\t\t<\/a>\n\t\t<\/div>\n\t\t\t\t\t\t<\/div>\n\t\t\t\t<\/div>\n\t\t\t\t\t<\/div>\n\t\t<\/div>\n\t\t\t\t<div class=\"elementor-column elementor-col-50 elementor-top-column elementor-element elementor-element-6faa3dd5\" data-id=\"6faa3dd5\" data-element_type=\"column\">\n\t\t\t<div class=\"elementor-widget-wrap elementor-element-populated\">\n\t\t\t\t\t\t<div class=\"elementor-element elementor-element-7034b1cc wd-parallax-on-scroll wd_scroll_x_-80 wd_scroll_y_-1 wd_scroll_smoothness_30 elementor-widget elementor-widget-wd_image_or_svg\" data-id=\"7034b1cc\" data-element_type=\"widget\" data-widget_type=\"wd_image_or_svg.default\">\n\t\t\t\t<div class=\"elementor-widget-container\">\n\t\t\t\t\t\n\t\t<div class=\"wd-image text-center\">\n\t\t\t\t\t\t\t\t<img decoding=\"async\" width=\"400\" height=\"126\" src=\"https:\/\/otecseg.cl\/wp-content\/uploads\/2025\/08\/logoo-400x126.png\" class=\"attachment-medium size-medium\" alt=\"\" srcset=\"https:\/\/otecseg.cl\/wp-content\/uploads\/2025\/08\/logoo-400x126.png 400w, https:\/\/otecseg.cl\/wp-content\/uploads\/2025\/08\/logoo-768x243.png 768w, https:\/\/otecseg.cl\/wp-content\/uploads\/2025\/08\/logoo-430x136.png 430w, https:\/\/otecseg.cl\/wp-content\/uploads\/2025\/08\/logoo-700x221.png 700w, https:\/\/otecseg.cl\/wp-content\/uploads\/2025\/08\/logoo-150x47.png 150w, https:\/\/otecseg.cl\/wp-content\/uploads\/2025\/08\/logoo.png 1197w\" sizes=\"(max-width: 400px) 100vw, 400px\" \/>\t\t\t\t\t<\/div>\n\n\t\t\t\t\t\t<\/div>\n\t\t\t\t<\/div>\n\t\t\t\t\t<\/div>\n\t\t<\/div>\n\t\t\t\t\t<\/div>\n\t\t<\/section>\n\t\t<div class=\"wd-negative-gap elementor-element elementor-element-955ca5c e-flex e-con-boxed e-con e-parent\" data-id=\"955ca5c\" data-element_type=\"container\">\n\t\t\t\t\t<div class=\"e-con-inner\">\n\t\t\t\t<div class=\"elementor-element elementor-element-37e784e wd-width-100 elementor-widget elementor-widget-wd_title\" data-id=\"37e784e\" data-element_type=\"widget\" data-widget_type=\"wd_title.default\">\n\t\t\t\t<div class=\"elementor-widget-container\">\n\t\t\t\t\t\t\t<div class=\"title-wrapper wd-set-mb reset-last-child wd-title-color-default wd-title-style-default wd-title-size-default text-left\">\n\n\t\t\t\n\t\t\t<div class=\"liner-continer\">\n\t\t\t\t<h4 class=\"woodmart-title-container title wd-fontsize-l\">Beneficios:<\/h4> \n\t\t\t\t\t\t\t<\/div>\n\n\t\t\t\t\t\t\t<div class=\"title-after_title reset-last-child wd-fontsize-xs\">\n\t\t\t\t\t<ul><li><p>Mejora de la comunicaci\u00f3n interpersonal y profesional.<\/p><\/li><li><p>Fortalecimiento del trabajo colaborativo y la cohesi\u00f3n de equipo.<\/p><\/li><li><p>Habilidades para manejar conflictos y diferencias de manera constructiva.<\/p><\/li><li><p>Mayor eficiencia en la coordinaci\u00f3n de tareas y proyectos.<\/p><\/li><\/ul><p><strong>Temario resumido:<\/strong><\/p><ol><li><p>Principios de comunicaci\u00f3n efectiva.<\/p><\/li><li><p>Escucha activa y retroalimentaci\u00f3n constructiva.<\/p><\/li><li><p>Tipos de comunicaci\u00f3n: verbal, no verbal y digital.<\/p><\/li><li><p>Resoluci\u00f3n de conflictos en equipo.<\/p><\/li><li><p>Roles y responsabilidades dentro de equipos de trabajo.<\/p><\/li><li><p>T\u00e9cnicas para fomentar la colaboraci\u00f3n.<\/p><\/li><li><p>Din\u00e1micas de integraci\u00f3n y cohesi\u00f3n.<\/p><\/li><li><p>Ejercicios pr\u00e1cticos de trabajo en equipo.<\/p><\/li><\/ol><p><strong>Metodolog\u00eda:<\/strong><br \/>Se combina teor\u00eda, ejercicios pr\u00e1cticos, din\u00e1micas grupales y role playing para que los participantes experimenten situaciones reales y aprendan a aplicar t\u00e9cnicas de comunicaci\u00f3n y colaboraci\u00f3n efectivas.<\/p><p><strong>Evaluaci\u00f3n y certificaci\u00f3n:<\/strong><br \/>La evaluaci\u00f3n se realiza mediante ejercicios pr\u00e1cticos y participaci\u00f3n en actividades grupales. Los participantes que cumplan los objetivos recibir\u00e1n un certificado emitido por nuestra OTEC, v\u00e1lido para acreditar competencias en comunicaci\u00f3n y trabajo en equipo.<\/p>\t\t\t\t<\/div>\n\t\t\t\t\t<\/div>\n\t\t\t\t\t\t<\/div>\n\t\t\t\t<\/div>\n\t\t\t\t\t<\/div>\n\t\t\t\t<\/div>\n\t\t\t\t<\/div>\n\t\t","protected":false},"excerpt":{"rendered":"<p>HomeP\u00e1gina Comunicaci\u00f3n Efectiva y Trabajo en Equipo Duraci\u00f3n: 8 horas Modalidad: Presencial \/ Online P\u00fablico objetivo: Todas las \u00e1reas de<\/p>\n","protected":false},"author":1,"featured_media":0,"parent":0,"menu_order":0,"comment_status":"closed","ping_status":"closed","template":"","meta":{"_joinchat":[],"footnotes":""},"class_list":["post-29354","page","type-page","status-publish","hentry"],"_links":{"self":[{"href":"https:\/\/otecseg.cl\/index.php\/wp-json\/wp\/v2\/pages\/29354","targetHints":{"allow":["GET"]}}],"collection":[{"href":"https:\/\/otecseg.cl\/index.php\/wp-json\/wp\/v2\/pages"}],"about":[{"href":"https:\/\/otecseg.cl\/index.php\/wp-json\/wp\/v2\/types\/page"}],"author":[{"embeddable":true,"href":"https:\/\/otecseg.cl\/index.php\/wp-json\/wp\/v2\/users\/1"}],"replies":[{"embeddable":true,"href":"https:\/\/otecseg.cl\/index.php\/wp-json\/wp\/v2\/comments?post=29354"}],"version-history":[{"count":4,"href":"https:\/\/otecseg.cl\/index.php\/wp-json\/wp\/v2\/pages\/29354\/revisions"}],"predecessor-version":[{"id":29358,"href":"https:\/\/otecseg.cl\/index.php\/wp-json\/wp\/v2\/pages\/29354\/revisions\/29358"}],"wp:attachment":[{"href":"https:\/\/otecseg.cl\/index.php\/wp-json\/wp\/v2\/media?parent=29354"}],"curies":[{"name":"wp","href":"https:\/\/api.w.org\/{rel}","templated":true}]}}